 70706 a prime number?
False
Is 15943 prime?
False
Is 3691 a prime number?
True
Is 4909 composite?
False
Is 439217 prime?
True
Is 2775937 prime?
False
Is 39817 composite?
True
Is 68269 prime?
False
Is 1889 prime?
True
Is 265099 a composite number?
True
Is 10061 composite?
False
Is 24731 prime?
False
Is 15441 prime?
False
Is 2242451 a composite number?
True
Is 5039 prime?
True
Is 2911 composite?
True
Is 58189 a composite number?
False
Is 611941 composite?
True
Is 316571 prime?
True
Is 76091 a composite number?
False
Is 2846 a prime number?
False
Is 4553 a composite number?
True
Is 11969 composite?
False
Is 204539 prime?
False
Is 25489 a prime number?
False
Is 1133459 composite?
False
Is 44015 composite?
True
Is 1618849 a composite number?
False
Is 427361 prime?
False
Is 4989 prime?
False
Is 54301 a composite number?
True
Is 275053 composite?
False
Is 23423 prime?
False
Is 743363 prime?
True
Is 34807 prime?
True
Is 17117 prime?
True
Is 347002 a composite number?
True
Is 26399 a composite number?
False
Is 865 composite?
True
Is 16843 prime?
True
Is 6131 composite?
False
Is 75181 composite?
False
Is 744241 a composite number?
True
Is 46313 a prime number?
False
Is 74483 a prime number?
False
Is 418069 prime?
True
Is 25166 prime?
False
Is 10421 composite?
True
Is 1164773 prime?
False
Is 7711 prime?
False
Is 297731 a composite number?
True
Is 18607 a composite number?
True
Is 110039 composite?
False
Is 47191 composite?
True
Is 212797 a prime number?
False
Is 8465 a prime number?
False
Is 362333 prime?
True
Is 3214 composite?
True
Is 308569 a composite number?
False
Is 3065 a prime number?
False
Is 7919 composite?
False
Is 1259 prime?
True
Is 280837 composite?
False
Is 302263 prime?
False
Is 44747 a prime number?
False
Is 182167 composite?
False
Is 5557 a composite number?
False
Is 107977 a prime number?
False
Is 728207 prime?
True
Is 164719 a prime number?
False
Is 81083 composite?
False
Is 5331 a composite number?
True
Is 4073 composite?
False
Is 316991 a composite number?
False
Is 64217 a prime number?
True
Is 629303 a prime number?
False
Is 6866 a composite number?
True
Is 162121 a composite number?
True
Is 75853 a composite number?
False
Is 26801 composite?
False
Is 1973 a prime number?
True
Is 59747 composite?
False
Is 1812037 a prime number?
True
Is 20765 prime?
False
Is 91229 a prime number?
True
Is 546719 a prime number?
True
Is 7817 prime?
True
Is 166999 composite?
True
Is 3959 prime?
False
Is 6197 prime?
True
Is 1739 prime?
False
Is 116023 composite?
True
Is 3387 prime?
False
Is 21787 a composite number?
False
Is 29789 a prime number?
True
Is 2867 a composite number?
True
Is 18677 composite?
True
Is 13739 composite?
True
Is 3181 prime?
True
Is 12583 a composite number?
False
Is 373447 a composite number?
False
Is 903857 a composite number?
True
Is 2459 prime?
True
Is 3277 composite?
True
Is 57973 composite?
False
Is 778733 a prime number?
True
Is 9201 composite?
True
Is 61909 prime?
True
Is 989 prime?
False
Is 18013 a composite number?
False
Is 2469 a prime number?
False
Is 149 prime?
True
Is 1049 composite?
False
Is 38507 prime?
False
Is 815599 a composite number?
False
Is 402071 a prime number?
True
Is 21955 a prime number?
False
Is 99461 prime?
False
Is 14699 a prime number?
True
Is 127 prime?
True
Is 3579527 composite?
True
Is 35729 prime?
True
Is 8818 a prime number?
False
Is 1649 a composite number?
True
Is 1318 a composite number?
True
Is 9965 prime?
False
Is 2053 a composite number?
False
Is 69073 composite?
False
Is 67713 a prime number?
False
Is 35671 a composite number?
False
Is 7087 a composite number?
True
Is 41809 composite?
False
Is 97007 a prime number?
True
Is 369247 a composite number?
False
Is 22189 composite?
False
Is 1645349 a prime number?
True
Is 115631 prime?
True
Is 14411 composite?
False
Is 84243 a prime number?
False
Is 255817 a composite number?
True
Is 506251 a prime number?
True
Is 389479 a prime number?
True
Is 3241 a composite number?
True
Is 20469 a prime number?
False
Is 198811 composite?
False
Is 4592485 a prime number?
False
Is 859751 prime?
True
Is 2198309 prime?
True
Is 112061 composite?
False
Is 57983 a prime number?
False
Is 656953 prime?
False
Is 735059 prime?
False
Is 568415 composite?
True
Is 385557 a prime number?
False
Is 86311 composite?
False
Is 53311 prime?
False
Is 35813 prime?
False
Is 8053 prime?
True
Is 7753 composite?
False
Is 1367 prime?
True
Is 4583 a composite number?
False
Is 1643777 a composite number?
True
Is 913 composite?
True
Is 35201 a composite number?
False
Is 122487 a composite number?
True
Is 6353 composite?
False
Is 1949 a prime number?
True
Is 11791 a prime number?
False
Is 13771 prime?
False
Is 67627 prime?
False
Is 110543 composite?
False
Is 10079 composite?
False
Is 6269 prime?
True
Is 324319 prime?
True
Is 72493 prime?
True
Is 70289 prime?
True
Is 925891 prime?
True
Is 5221 prime?
False
Is 368681 prime?
False
Is 108991 prime?
True
Is 42259 a prime number?
False
Is 112427 a composite number?
True
Is 2899 a prime number?
False
Is 4478 composite?
True
Is 57161 a composite number?
True
Is 43943 prime?
True
Is 9267 a prime number?
False
Is 340127 a composite number?
False
Is 1395391 composite?
True
Is 121039 a composite number?
False
Is 4049 composite?
False
Is 183849 a prime number?
False
Is 110161 a prime number?
True
Is 251 a composite number?
False
Is 160757 composite?
False
Is 121531 a composite number?
False
Is 127923 a composite number?
True
Is 54959 composite?
False
Is 137285 a prime number?
False
Is 8889 composite?
True
Is 36589 a prime number?
False
Is 1639562 prime?
False
Is 676121 a prime number?
False
Is 9199 a composite number?
False
Is 2503 a composite number?
False
Is 1637 a prime number?
True
Is 106681 composite?
False
Is 15719 a prime number?
False
Is 10589 prime?
True
Is 47062 a prime number?
False
Is 34721 a prime number?
True
Is 962693 prime?
False
Is 42095 prime?
False
Is 659819 a prime number?
True
Is 21767 a composite number?
False
Is 527201 prime?
False
Is 488923 prime?
False
Is 234431 a composite number?
False
Is 15901 a composite number?
False
Is 647 prime?
True
Is 64849 a prime number?
True
Is 26083 prime?
True
Is 38917 prime?
True
Is 227011 prime?
True
Is 3603 prime?
False
Is 99377 a composite number?
False
Is 8926 a prime number?
False
Is 4705 a prime number?
False
Is 2230178 composite?
True
Is 95231 composite?
False
Is 133459 prime?
False
Is 81083 a prime number?
True
Is 93797 composite?
True
Is 87473 composite?
False
Is 49331 a prime number?
True
Is 52265 a prime number?
False
Is 3833 composite?
False
Is 94151 prime?
True
Is 604171 prime?
True
Is 388477 prime?
True
Is 1347 a prime number?
False
Is 1531 prime?
True
Is 232987 a prime number?
True
Is 952379 a prime number?
True
Is 26183 a prime number?
True
Is 53353 prime?
True
Is 107221 prime?
False
Is 126667 a prime number?
False
Is 58549 composite?
False
Is 451301 composite?
False
Is 2579 composite?
False
Is 27899 a composite number?
True
Is 848733 composite?
True
Is 2897 a composite number?
False
Is 20303 composite?
True
Is 29519 a prime number?
False
Is 252803 a composite number?
True
Is 5129 prime?
False
Is 136447 prime?
True
Is 8267 a prime number?
False
Is 37645 composite?
True
Is 22769 composite?
False
Is 136106 a prime number?
False
Is 294629 composite?
False
Is 95395 a prime number?
False
Is 148429 prime?
True
Is 4045 a composite number?
True
Is 572701 a prime number?
False
Is 366623 a composite number?
True
Is 76771 a prime number?
True
Is 32869 prime?
True
Is 203 composite?
True
Is 74881 a prime number?
False
Is 11027 a prime number?
True
Is 239845 a composite number?
True
Is 19829 prime?
False
Is 443771 composite?
False
Is 37831 a composite number?
False
Is 118817 composite?
True
Is 125921 a prime number?
True
Is 444317 a prime number?
False
Is 83413 a prime number?
False
Is 405013 prime?
False
Is 789501 a composite number?
True
Is 191242 prime?
False
Is 15017 a composite number?
False
Is 5099 a composite number?
False
Is 34621 a composite number?
True
Is 29897 prime?
False
Is 1611809 a composite number?
False
Is 311743 a prime number?
True
Is 254909 prime?
False
Is 8254 prime?
False
Is 661037 a prime number?
False
Is 247141 a prime number?
True
Is 16751 a composite number?
T